2. What is the units digit of (1 - z)*(p - -3)?
1
Let a(d) = d**2 - 3*d + 6. What is the tens digit of a(11)?
9
Suppose 5*v - 31 = -3*y, -3*v = -4*y - y - 5. Let u = 44 - 20. Suppose -3*s + u = v*w - 11, 2*w - 2*s + 2 = 0. What is the units digit of w?
4
Let t(b) = b**3 - b**2 + 2*b - 2. Suppose 3*p = 3*j + 15, 0*p - p = -1. Let d be 3/((-6)/j*1). What is the units digit of t(d)?
6
Suppose 0 = -13*c - 1140 + 4000. What is the tens digit of c?
2
Let t be (-232)/(-72) - 2/9. Suppose -3*z + 4*z = j - 3, 0 = -t*j - 3*z - 3. What is the units digit of j?
1
Suppose -3*x + 2*t = -28, 2*x + 3*x - 4*t = 48. What is the units digit of x?
8
Suppose -98 + 38 = -4*g. Let s = g + -7. What is the units digit of 26/7 + s/28?
4
Let b(x) = -x**3 + 10*x**2 + 14*x - 16. Let c be ((-11)/(-3))/((-1)/(-3)). What is the units digit of b(c)?
7
Let r(d) = -d**2 - 9*d - 8. Let w = 10 + -17. What is the units digit of r(w)?
6
Suppose -5*y + 3 = -2. What is the tens digit of 5/(y + (-2)/3)?
1
Let z = 18 - 10. Suppose 0 = 4*t + 5*c - 40, c = 3*c - z. Suppose 4*h + h = -3*l + 12, -2*l - t = -h. What is the units digit of h?
3
Let y = 144 - 21. What is the units digit of y?
3
Let h(f) = -f**2 - 3*f - 2. Let w be h(-2). Suppose 2*t + 7 - 1 = w. What is the tens digit of 2 - t*(-20)/(-6)?
1
Let u(z) = -29*z**2 + 2*z + 1. Let i be u(-1). What is the units digit of (i/(2 - 3))/2?
5
Let c = -9 + 41. What is the tens digit of c?
3
Let q(l) = l**2 + 8*l - 7. Let o be q(-9). What is the units digit of 1/(-2) + 15/o?
7
Suppose -b = b. Suppose b = 3*c - 4 - 80. Suppose 6*x - 2*x - c = 0. What is the units digit of x?
7
Suppose 2*x - 2*h = 356, -669 = -5*x - 2*h + 249. What is the hundreds digit of x?
1
Let h(x) be the first derivative of x**4/4 + 8*x**3/3 + 3*x**2 - 5*x - 3. Let m be h(-7). Suppose 9 = -m*b + 23. What is the units digit of b?
7
Let l(j) = -7*j**3 + 6*j**2 + j - 6. Let k(q) = -q**3 + q**2 - 1. Let i(s) = 5*k(s) - l(s). What is the tens digit of i(2)?
1
Let l(d) = 2*d**3 - d**2 + 2*d - 1. Let o be l(2). Let q = o - 8. Suppose -3*b + q*b = 60. What is the tens digit of b?
1
Let p be ((-2)/(-3))/((-4)/(-6)). Let q be (-1)/((-1)/(-2 + p)). Let t = 4 + q. What is the units digit of t?
3
Let o be (-432)/18*1/(-2). Let x(j) = 5*j - 9. What is the units digit of x(o)?
1
Suppose 0*t + 3*t = 3*i + 6, i + 4*t - 18 = 0. Let r be 0 + i + (2 - 1). Let x = 5 - r. What is the units digit of x?
2
Let w(c) = 8*c + 12. What is the tens digit of w(5)?
5
Suppose -y + 7 = -13. What is the tens digit of y?
2
Let z = 2 + 5. What is the units digit of (-8)/28 - (-212)/z?
0
Let g(d) = d**3 + 6*d**2 + 4*d - 1. Let q be g(-5). Suppose -q*y + 53 = -103. What is the tens digit of y?
3
Let q(b) be the third derivative of b**4/24 - 5*b**3/6 - 2*b**2. Let p be q(11). Suppose -i = -p*i + 5. What is the units digit of i?
1
Let d be 3/9 - 41/(-3). Suppose -d = -4*z + 2*z. What is the units digit of z?
7
Let z = -3 - -7. Suppose -l - 30 = -z*l. What is the units digit of l?
0
Suppose 6*j - 2 = 2*c + 2*j, -13 = -5*c + j. Suppose c*g = 4*g - 13. What is the units digit of g?
3
Suppose 2*s = 4*x + x, s = -4*x. Suppose 5*l + 0*l + 50 = x. Let k(q) = -q**2 - 11*q + 4. What is the tens digit of k(l)?
1
Suppose -4*p + 10 = p. Suppose -p = -s - s. What is the units digit of -1 - -1 - (s - 3)?
2
Suppose 0 = k + 3*k - h - 160, 0 = 4*k - 4*h - 160. Let l be k + -1 + (0 - 0). Suppose l + 1 = 5*g. What is the units digit of g?
8
Let z = -121 + 205. What is the tens digit of z?
8
Let p(v) = 77*v**3 + v**2 - 2*v + 2. What is the units digit of p(1)?
8
Let p(v) = v**2 - 7*v + 7. Let h be p(6). What is the units digit of (h - 2 - -2)*4?
4
Let v = 99 + -53. What is the tens digit of v?
4
What is the units digit of 1/(-2) - (-63)/6?
0
Let k(t) = -t**3 + 19*t**2 + t + 7. What is the tens digit of k(19)?
2
Let f(c) = -c**3 - 3*c**2 - 4*c - 2. Let w be f(-2). Let b be 10/(-2) - w/(-1). What is the units digit of ((-10)/6)/(1/b)?
5
Suppose -50 = -3*q - 20. What is the tens digit of q?
1
Suppose -38 - 18 = -4*s. Suppose -3*w + 46 = -s. What is the units digit of w?
0
Suppose 3*c - 2*c = 20. What is the tens digit of c?
2
Suppose 57*d + 712 = 61*d. What is the tens digit of d?
7
Let q be 0 + -3 - (0 + -3). Suppose q = -j + 15. What is the tens digit of j?
1
Let w = 265 + -146. What is the tens digit of w?
1
Let h(i) = 12*i**2 + i + 1. Let a be h(-1). Suppose q + 2*q - 57 = 4*p, -q - p = -a. Let l = -8 + q. What is the units digit of l?
7
Suppose 2*p = 5*s - 95, -2*s + 0*s + 49 = -3*p. Let j = 19 + s. What is the units digit of j?
6
Let x(f) = f**2 - 6*f - 6. Let b = 18 + -13. Suppose b*d = d - 5*k + 37, 0 = 2*d - 3*k - 13. What is the tens digit of x(d)?
1
What is the units digit of 2/((-6)/(-27)) + -1?
8
Suppose -2*f - 5*k - 2 = -47, 40 = 5*f - 2*k. Let o be f/2 + 1 + -1. Suppose 2*b + 0*b - o*n + 6 = 0, -4 = -3*b + n. What is the units digit of b?
2
Let n be 4/6 - (-5)/15. Suppose -p + n + 1 = -h, -5 = -h. Suppose d + p = 2*d. What is the units digit of d?
7
Let o be (-120)/9*(-15)/4. Suppose 0 = -3*v - 2 + o. What is the tens digit of (-60)/v*(-32)/6?
2
Suppose -2*i - 4*l = -44, -3*l - 30 = -i - 2*i. What is the units digit of i?
4
Suppose -1 - 8 = b + 4*w, -18 = -3*b + 3*w. Suppose q + 18 = b*q. Suppose 4*j = q - 5. What is the units digit of j?
1
What is the units digit of -1 + 36 + (-4 - -6)?
7
Let u = 15 + -10. Let v(j) = j**3 - 7*j**2 + 5*j + 4. Let k be v(6). Let b = u + k. What is the units digit of b?
3
What is the tens digit of (110/3)/5*3?
2
Let l = 16 + -11. Suppose 5*z = -3*o + l*o - 121, -3*z - 57 = 4*o. Let k = -15 - z. What is the units digit of k?
8
Let n be (-15)/(-12)*(27 - -1). Suppose 3*w = -2*w - 5*a + n, w - 3*a = -9. Suppose 12 = 3*u - 3*h, 5*h = -u + w*u + 4. What is the units digit of u?
8
Let k = 42 + 36. What is the units digit of k?
8
Let h(s) = s**2 + 6*s + 9. Let p(c) = -c. Let d(f) = -4*f + 11. Let w(v) = -d(v) + 3*p(v). Let k be w(5). What is the units digit of h(k)?
9
Let r = 34 + 25. Suppose -9 = 5*y - r. What is the units digit of y?
0
Suppose -15 = -m - 5*s, -25 = -4*m - 5*s + 110. What is the units digit of m?
0
Suppose 2*z - 6 = -0*z + n, -5*z + 5*n + 10 = 0. Suppose 2*p + 0*p + z*f - 16 = 0, -3*p - 2*f = -16. Suppose 0 = 5*l - 26 - p. What is the units digit of l?
6
Let d(h) = h**2 - h + 1. Let a be d(1). Let o = 0 - -2. Suppose -a - 3 = -o*b. What is the units digit of b?
2
Let j = 196 - -124. What is the tens digit of j?
2
Let r be (-140)/21*3/(-2). Suppose r*u - 5*u - 50 = 0. What is the units digit of u?
0
Let m = -43 + 67. Let d = m - 12. What is the tens digit of d?
1
What is the units digit of (6/(-4))/((-33)/5192)?
6
Let t be 2/6 + 332/12. Let y be (12/8)/((-6)/(-8)). Suppose -5*i = 4*j - t, 0 = y*j + 3*i + 2 - 18. What is the units digit of j?
2
Let x(t) = 0 + 0*t + 5 + t. What is the units digit of x(7)?
2
Suppose 435 = 5*o + 25. What is the tens digit of o?
8
What is the units digit of 5*4*(-3)/((-12)/19)?
5
Let u(s) = 2*s**2 + 3*s - 1. Suppose -1 = c - i, i - 7 = 4*c + 3. What is the units digit of u(c)?
8
Let v be (-305)/15 + (-2)/(-6). Let s = v - -33. What is the units digit of s?
3
Suppose 3*g + 28 = -2*j, 0 = 4*g - j + 4*j + 39. Let p(c) = -c - 4. Let n be p(g). Suppose 0 = n*o + o, 0 = -3*y - o + 27. What is the units digit of y?
9
Let t be 21*((0 - 0) + -1). What is the units digit of (36/t)/(2/(-14))?
2
Let f(m) = -2*m + 2. Let q be f(-2). Suppose 5*j = -5*a + 15, 2*j + a - 6 = 4*a. Suppose -j*l + q = -l. What is the units digit of l?
3
What is the hundreds digit of -28*(115/(-2))/5?
3
Let k(y) = y. Let x(h) = 3*h + 6. Let g(b) = -2*k(b) + x(b). Let r be g(0). Suppose 4*l + 10 = r*l. What is the units digit of l?
5
Suppose 3*q + 18 - 6 = 0. What is the tens digit of q/6 - (-276)/9?
3
Let r(w) = -47*w - 87. What is the hundreds digit of r(-6)?
1
Let j(s) = 6*s**2 - 2*s - 2. Let c be j(2). What is the units digit of (-12)/(3/c*-4)?
8
What is the tens digit of 52 + (2/(-9) - 494/(-117))?
5
Let r(a) be the first derivative of -a**3/3 - 3*a**2/2 + 2*a + 1. Let l(y) be the first derivative of r(y). What is the units digit of l(-6)?
9
Let x(s) be the second derivative of -s**4/12 + s**3/6 + 5*s**2 + 4*s. What is the tens digit of x(0)?
1
Suppose 0*r - 3*r = 0. What is th